{"id":424,"date":"2021-01-28T03:36:56","date_gmt":"2021-01-28T03:36:56","guid":{"rendered":"https:\/\/sub2.reithof-biberle.at\/?page_id=424"},"modified":"2026-01-02T10:18:04","modified_gmt":"2026-01-02T10:18:04","slug":"alpakas","status":"publish","type":"page","link":"https:\/\/biberle-hof.at\/?page_id=424","title":{"rendered":"Alpakas alt"},"content":{"rendered":"\n[et_pb_section fb_built=&#8220;1&#8243; admin_label=&#8220;Header&#8220; _builder_version=&#8220;4.27.4&#8243; use_background_color_gradient=&#8220;on&#8220; background_color_gradient_type=&#8220;circular&#8220; background_color_gradient_direction_radial=&#8220;top left&#8220; background_color_gradient_stops=&#8220;rgba(255,255,255,0.89) 30%|rgba(255,255,255,0) 80%&#8220; background_color_gradient_overlays_image=&#8220;on&#8220; background_color_gradient_start=&#8220;rgba(255,255,255,0.89)&#8220; background_color_gradient_start_position=&#8220;30%&#8220; background_color_gradient_end=&#8220;rgba(255,255,255,0)&#8220; background_color_gradient_end_position=&#8220;80%&#8220; background_image=&#8220;https:\/\/sub2.reithof-biberle.at\/wp-content\/uploads\/2021\/01\/DSC07765.jpg&#8220; custom_margin=&#8220;|||&#8220; custom_padding=&#8220;0vw||0vw||true|&#8220; hover_enabled=&#8220;0&#8243; border_radii=&#8220;on|1px|1px|1px|1px&#8220; border_width_all=&#8220;1px&#8220; border_color_all=&#8220;#FFFFFF&#8220; global_colors_info=&#8220;{}&#8220; sticky_enabled=&#8220;0&#8243;][et_pb_row _builder_version=&#8220;4.16&#8243; global_colors_info=&#8220;{}&#8220;][et_pb_column type=&#8220;4_4&#8243; _builder_version=&#8220;4.16&#8243; custom_padding=&#8220;|||&#8220; global_colors_info=&#8220;{}&#8220; custom_padding__hover=&#8220;|||&#8220;][et_pb_text _builder_version=&#8220;4.16&#8243; text_font=&#8220;||||||||&#8220; header_font=&#8220;|700|||||||&#8220; header_text_color=&#8220;#333333&#8243; header_font_size=&#8220;60px&#8220; header_line_height=&#8220;1.2em&#8220; header_5_font=&#8220;Raleway|700||on|||||&#8220; header_5_text_color=&#8220;#000000&#8243; header_5_font_size=&#8220;20px&#8220; header_5_letter_spacing=&#8220;0.5em&#8220; header_5_line_height=&#8220;1.8em&#8220; animation_style=&#8220;zoom&#8220; animation_intensity_zoom=&#8220;5%&#8220; header_font_size_tablet=&#8220;38px&#8220; header_font_size_phone=&#8220;25px&#8220; header_font_size_last_edited=&#8220;on|phone&#8220; header_5_font_size_tablet=&#8220;14px&#8220; header_5_font_size_phone=&#8220;12px&#8220; header_5_font_size_last_edited=&#8220;on|desktop&#8220; header_text_shadow_style=&#8220;preset1&#8243; header_text_shadow_color=&#8220;#FFFFFF&#8220; global_colors_info=&#8220;{}&#8220;]<h1>\u00a0<\/h1>\n<h1>Unsere Alpakas<\/h1>\n<p><span style=\"font-size: x-large;\">Sanfte Begleiter mit besonderem Charme<\/span><\/p>\n<p>&nbsp;<\/p>\n<p>&nbsp;<\/p>[\/et_pb_text][\/et_pb_column][\/et_pb_row][\/et_pb_section][et_pb_section fb_built=&#8220;1&#8243; specialty=&#8220;on&#8220; admin_label=&#8220;Room&#8220; _builder_version=&#8220;4.27.4&#8243; custom_padding=&#8220;|||3px||&#8220; hover_enabled=&#8220;0&#8243; global_colors_info=&#8220;{}&#8220; sticky_enabled=&#8220;0&#8243;][et_pb_column type=&#8220;1_2&#8243; specialty_columns=&#8220;2&#8243; _builder_version=&#8220;4.16&#8243; custom_padding=&#8220;|||&#8220; global_colors_info=&#8220;{}&#8220; custom_padding__hover=&#8220;|||&#8220;][et_pb_row_inner _builder_version=&#8220;4.16&#8243; global_colors_info=&#8220;{}&#8220;][et_pb_column_inner saved_specialty_column_type=&#8220;1_2&#8243; _builder_version=&#8220;4.16&#8243; custom_padding=&#8220;|||&#8220; global_colors_info=&#8220;{}&#8220; custom_padding__hover=&#8220;|||&#8220;][et_pb_image src=&#8220;https:\/\/sub2.reithof-biberle.at\/wp-content\/uploads\/2021\/01\/DSC07767-scaled.jpg&#8220; title_text=&#8220;DSC07767&#8243; align_tablet=&#8220;center&#8220; align_phone=&#8220;&#8220; align_last_edited=&#8220;on|desktop&#8220; _builder_version=&#8220;4.16&#8243; locked=&#8220;off&#8220; global_colors_info=&#8220;{}&#8220;][\/et_pb_image][\/et_pb_column_inner][\/et_pb_row_inner][et_pb_row_inner _builder_version=&#8220;4.16&#8243; width=&#8220;100%&#8220; custom_padding=&#8220;||||false|false&#8220; global_colors_info=&#8220;{}&#8220;][et_pb_column_inner saved_specialty_column_type=&#8220;1_2&#8243; _builder_version=&#8220;4.16&#8243; custom_padding=&#8220;|||&#8220; global_colors_info=&#8220;{}&#8220; custom_padding__hover=&#8220;|||&#8220;][et_pb_gallery gallery_ids=&#8220;478,477,476,474,473,472,471,465,466,467,468,470,462,446,443,442,441,440,437,438,445,436&#8243; gallery_orderby=&#8220;rand&#8220; show_title_and_caption=&#8220;off&#8220; _builder_version=&#8220;4.16&#8243; _module_preset=&#8220;default&#8220; custom_margin=&#8220;|1px||||&#8220; custom_padding=&#8220;|||0px||&#8220; global_colors_info=&#8220;{}&#8220;][\/et_pb_gallery][et_pb_gallery gallery_ids=&#8220;469,461,460,459,458,456,455,454,453,451,447,448,450&#8243; gallery_orderby=&#8220;rand&#8220; show_title_and_caption=&#8220;off&#8220; _builder_version=&#8220;4.16&#8243; _module_preset=&#8220;default&#8220; custom_margin=&#8220;|1px||||&#8220; custom_padding=&#8220;|||0px||&#8220; global_colors_info=&#8220;{}&#8220;][\/et_pb_gallery][\/et_pb_column_inner][\/et_pb_row_inner][\/et_pb_column][et_pb_column type=&#8220;1_2&#8243; _builder_version=&#8220;4.16&#8243; custom_padding=&#8220;|||&#8220; global_colors_info=&#8220;{}&#8220; custom_padding__hover=&#8220;|||&#8220;][et_pb_text _builder_version=&#8220;4.16&#8243; text_font=&#8220;||||||||&#8220; text_font_size=&#8220;16px&#8220; text_line_height=&#8220;2em&#8220; header_font=&#8220;||||||||&#8220; header_2_font=&#8220;Raleway|700|||||||&#8220; header_2_font_size=&#8220;50px&#8220; header_2_line_height=&#8220;1.2em&#8220; header_6_font=&#8220;Raleway|700||on|||||&#8220; header_6_font_size=&#8220;16px&#8220; header_6_letter_spacing=&#8220;5px&#8220; header_6_line_height=&#8220;1.8em&#8220; text_orientation=&#8220;center&#8220; max_width=&#8220;700px&#8220; max_width_last_edited=&#8220;off|desktop&#8220; module_alignment=&#8220;center&#8220; header_2_font_size_tablet=&#8220;35px&#8220; header_2_font_size_phone=&#8220;25px&#8220; header_2_font_size_last_edited=&#8220;on|phone&#8220; global_colors_info=&#8220;{}&#8220;]<h2 style=\"text-align: left;\">Unsere Alpakas<\/h2>\n<p style=\"text-align: left;\">2013 endeckten wir die Liebe zu den Alpakas.<\/p>\n<p style=\"text-align: left;\"><\/p>\n<p style=\"text-align: left;\">Alpakas haben sehr friedliche und liebenswerte Charakter. Neben ihren gro\u00dfen Kulleraugen haben sie &#8222;immer ein L\u00e4cheln im Gesicht&#8220;.<\/p>\n<p style=\"text-align: left;\">Sie ticken \u00e4hnlich wie Menschen, denn jedes Alpaka hat seinen ganz eigenen Charakter. F\u00fcr Einzelhaltungen sind sie aber nicht geeignet, denn sie z\u00e4hlen zu den Herdentieren.<br \/>Deshalb sind 2014 unsere zwei Jungs <strong>Chosie und Diego<\/strong> eingezogen. Mit <strong>Linus<\/strong> war das Trio dann aber vorerst komplett.<\/p>\n<p style=\"text-align: left;\">2016 zogen dann aber doch 4 M\u00e4dels bei uns ein. <strong>Bonita, Amal, Stella und Clea<\/strong>.<\/p>\n<p style=\"text-align: left;\"><\/p>\n<p style=\"text-align: left;\"><\/p>\n<p style=\"text-align: left;\">In Raggal kennt man unsere Alpakas nur zu gut, denn sie gehen im Sommer auch mal mit uns ein Eis essen und im Winter sind beim Spaziergang zum Skilift das Highlight.<\/p>\n<p style=\"text-align: left;\">Sie sind nicht nur anmutige und liebevolle Tiere, ihre Wolle ist auch etwas ganz besonderes, denn sie ist bekannt f\u00fcr ihre Hochwertigkeit und W\u00e4rme.<\/p>\n<p style=\"text-align: left;\">Deshalb haben wir begonnen, die Alpaka-Wolle zu spinnen. Dies ist neben dem Hofalltag sehr entspannend.<\/p>\n<p style=\"text-align: left;\">Aus der Wolle lassen wir Betten, Kissen und Strickfertige Wolle herstellen. Seit einem Jahr gibt es bei uns auch Naturseife, die aus der Wolle (Keratin) gefertigt wird. In der Anwendung ist die Seife schonend und angenehm f\u00fcr die Haut. Mittlerweile umfasst unser Seifen-Sortiment 6 verschiedene Arten.<\/p>\n<p style=\"text-align: left;\">Die perfekte Geschenkidee f\u00fcr Jedermann!<\/p>\n<p style=\"text-align: left;\"><\/p>[\/et_pb_text][\/et_pb_column][\/et_pb_section]\n","protected":false},"excerpt":{"rendered":"<p>\u00a0 Unsere Alpakas Sanfte Begleiter mit besonderem Charme &nbsp; &nbsp;Unsere Alpakas 2013 endeckten wir die Liebe zu den Alpakas. Alpakas haben sehr friedliche und liebenswerte Charakter. Neben ihren gro\u00dfen Kulleraugen haben sie &#8222;immer ein L\u00e4cheln im Gesicht&#8220;. Sie ticken \u00e4hnlich wie Menschen, denn jedes Alpaka hat seinen ganz eigenen Charakter. F\u00fcr Einzelhaltungen sind sie aber [&hellip;]<\/p>\n","protected":false},"author":1,"featured_media":0,"parent":0,"menu_order":0,"comment_status":"closed","ping_status":"closed","template":"","meta":{"_et_pb_use_builder":"on","_et_pb_old_content":"","_et_gb_content_width":"1080","footnotes":""},"class_list":["post-424","page","type-page","status-publish","hentry"],"_links":{"self":[{"href":"https:\/\/biberle-hof.at\/index.php?rest_route=\/wp\/v2\/pages\/424","targetHints":{"allow":["GET"]}}],"collection":[{"href":"https:\/\/biberle-hof.at\/index.php?rest_route=\/wp\/v2\/pages"}],"about":[{"href":"https:\/\/biberle-hof.at\/index.php?rest_route=\/wp\/v2\/types\/page"}],"author":[{"embeddable":true,"href":"https:\/\/biberle-hof.at\/index.php?rest_route=\/wp\/v2\/users\/1"}],"replies":[{"embeddable":true,"href":"https:\/\/biberle-hof.at\/index.php?rest_route=%2Fwp%2Fv2%2Fcomments&post=424"}],"version-history":[{"count":12,"href":"https:\/\/biberle-hof.at\/index.php?rest_route=\/wp\/v2\/pages\/424\/revisions"}],"predecessor-version":[{"id":937,"href":"https:\/\/biberle-hof.at\/index.php?rest_route=\/wp\/v2\/pages\/424\/revisions\/937"}],"wp:attachment":[{"href":"https:\/\/biberle-hof.at\/index.php?rest_route=%2Fwp%2Fv2%2Fmedia&parent=424"}],"curies":[{"name":"wp","href":"https:\/\/api.w.org\/{rel}","templated":true}]}}