{"id":491,"date":"2021-01-28T04:34:32","date_gmt":"2021-01-28T04:34:32","guid":{"rendered":"https:\/\/sub2.reithof-biberle.at\/?page_id=491"},"modified":"2026-01-02T10:18:29","modified_gmt":"2026-01-02T10:18:29","slug":"alpe-laguz","status":"publish","type":"page","link":"https:\/\/biberle-hof.at\/?page_id=491","title":{"rendered":"Alpe Laguz alt"},"content":{"rendered":"\n[et_pb_section fb_built=&#8220;1&#8243; admin_label=&#8220;Header&#8220; _builder_version=&#8220;4.9.4&#8243; use_background_color_gradient=&#8220;on&#8220; background_color_gradient_start=&#8220;rgba(255,255,255,0.89)&#8220; background_color_gradient_end=&#8220;rgba(255,255,255,0)&#8220; background_color_gradient_type=&#8220;radial&#8220; background_color_gradient_direction_radial=&#8220;top left&#8220; background_color_gradient_start_position=&#8220;30%&#8220; background_color_gradient_end_position=&#8220;80%&#8220; background_color_gradient_overlays_image=&#8220;on&#8220; background_image=&#8220;https:\/\/sub2.reithof-biberle.at\/wp-content\/uploads\/2021\/01\/IMG-20201031-WA0009-2.jpg&#8220; custom_margin=&#8220;|||&#8220; custom_padding=&#8220;8vw||8vw||true&#8220; background_last_edited=&#8220;on|phone&#8220; background_color_gradient_end_position_tablet=&#8220;95%&#8220; background_color_gradient_end_position_phone=&#8220;100%&#8220;][et_pb_row _builder_version=&#8220;3.25&#8243;][et_pb_column type=&#8220;4_4&#8243; _builder_version=&#8220;3.25&#8243; custom_padding=&#8220;|||&#8220; custom_padding__hover=&#8220;|||&#8220;][et_pb_text _builder_version=&#8220;4.9.4&#8243; text_font=&#8220;||||||||&#8220; header_font=&#8220;|700|||||||&#8220; header_text_color=&#8220;#333333&#8243; header_font_size=&#8220;60px&#8220; header_line_height=&#8220;1.2em&#8220; header_5_font=&#8220;Raleway|700||on|||||&#8220; header_5_text_color=&#8220;#000000&#8243; header_5_font_size=&#8220;20px&#8220; header_5_letter_spacing=&#8220;0.5em&#8220; header_5_line_height=&#8220;1.8em&#8220; animation_style=&#8220;zoom&#8220; animation_intensity_zoom=&#8220;5%&#8220; text_font_size_tablet=&#8220;10px&#8220; text_font_size_phone=&#8220;&#8220; text_font_size_last_edited=&#8220;on|desktop&#8220; header_font_size_tablet=&#8220;38px&#8220; header_font_size_phone=&#8220;25px&#8220; header_font_size_last_edited=&#8220;on|desktop&#8220; header_5_font_size_tablet=&#8220;14px&#8220; header_5_font_size_phone=&#8220;12px&#8220; header_5_font_size_last_edited=&#8220;on|desktop&#8220; text_text_shadow_style=&#8220;preset1&#8243; text_text_shadow_color=&#8220;#333333&#8243; header_text_shadow_style=&#8220;preset1&#8243; header_text_shadow_blur_strength=&#8220;0.2em&#8220; header_text_shadow_color=&#8220;#FFFFFF&#8220;]<h5>unsere private wohlf\u00fchloase<\/h5>\n<h1>Alpe Laguz<\/h1>[\/et_pb_text][\/et_pb_column][\/et_pb_row][\/et_pb_section][et_pb_section fb_built=&#8220;1&#8243; specialty=&#8220;on&#8220; admin_label=&#8220;Room&#8220; _builder_version=&#8220;4.8.1&#8243; width=&#8220;86%&#8220; module_alignment=&#8220;center&#8220; custom_margin=&#8220;-31px|||||&#8220;][et_pb_column type=&#8220;1_2&#8243; _builder_version=&#8220;3.25&#8243; custom_padding=&#8220;|||&#8220; custom_padding__hover=&#8220;|||&#8220;][et_pb_text _builder_version=&#8220;4.8.1&#8243; text_font=&#8220;||||||||&#8220; text_font_size=&#8220;16px&#8220; text_line_height=&#8220;2em&#8220; header_font=&#8220;||||||||&#8220; header_2_font=&#8220;Raleway|700|||||||&#8220; header_2_font_size=&#8220;50px&#8220; header_2_line_height=&#8220;1.2em&#8220; header_6_font=&#8220;Raleway|700||on|||||&#8220; header_6_font_size=&#8220;16px&#8220; header_6_letter_spacing=&#8220;5px&#8220; header_6_line_height=&#8220;1.8em&#8220; text_orientation=&#8220;center&#8220; max_width=&#8220;700px&#8220; max_width_last_edited=&#8220;off|desktop&#8220; module_alignment=&#8220;center&#8220; header_2_font_size_tablet=&#8220;35px&#8220; header_2_font_size_phone=&#8220;25px&#8220; header_2_font_size_last_edited=&#8220;on|phone&#8220;]<h3 style=\"text-align: left;\"><strong>Wohlf\u00fchloase zum Kraft tanken<\/strong><\/h3>\n<p><strong><\/strong><\/p>\n<p class=\"MsoNormal\" align=\"center\" style=\"text-align: left;\"><span lang=\"DE\" style=\"font-size: 16.0pt; line-height: 115%; font-family: 'Arial',sans-serif;\">Im sogenannten &#8222;Talkessel&#8220; liegt die Alpe Laguz (1584 Meter Seeh\u00f6he). Der Talkessel ist als der sch\u00f6nste Talabschluss der Gegend bekannt. <\/span><\/p>\n<p class=\"MsoNormal\" align=\"center\" style=\"text-align: left;\"><span lang=\"DE\" style=\"font-size: 16.0pt; line-height: 115%; font-family: 'Arial',sans-serif;\">1996 haben wir die H\u00fctte renoviert, und 2020 bekam die Alph\u00fctte ein neues Schindeldach.\u00a0<\/span><span style=\"font-family: Arial, sans-serif; font-size: 16pt;\">\u00a0<\/span><\/p>\n<p class=\"MsoNormal\" align=\"center\" style=\"text-align: left;\"><span lang=\"DE\" style=\"font-size: 16.0pt; line-height: 115%; font-family: 'Arial',sans-serif;\">Die H\u00fctte ist f\u00fcr uns der perfekte R\u00fcckzugsort um Kraft zu tanken und etwas ab zu schalten.\u00a0<\/span><\/p>[\/et_pb_text][et_pb_gallery gallery_ids=&#8220;503,502,501,495&#8243; posts_number=&#8220;2&#8243; show_title_and_caption=&#8220;off&#8220; _builder_version=&#8220;4.8.1&#8243; _module_preset=&#8220;default&#8220;][\/et_pb_gallery][\/et_pb_column][et_pb_column type=&#8220;1_2&#8243; specialty_columns=&#8220;2&#8243; _builder_version=&#8220;3.25&#8243; custom_padding=&#8220;|||&#8220; custom_padding__hover=&#8220;|||&#8220;][et_pb_row_inner _builder_version=&#8220;3.25&#8243;][et_pb_column_inner saved_specialty_column_type=&#8220;1_2&#8243; _builder_version=&#8220;3.25&#8243; custom_padding=&#8220;|||&#8220; custom_padding__hover=&#8220;|||&#8220;][et_pb_image src=&#8220;https:\/\/sub2.reithof-biberle.at\/wp-content\/uploads\/2021\/01\/IMG-20201026-WA0004-1.jpg&#8220; title_text=&#8220;IMG-20201026-WA0004&#8243; align_tablet=&#8220;center&#8220; align_phone=&#8220;&#8220; align_last_edited=&#8220;on|desktop&#8220; _builder_version=&#8220;4.9.4&#8243; hover_enabled=&#8220;0&#8243; locked=&#8220;off&#8220; disabled_on=&#8220;on|on|off&#8220; sticky_enabled=&#8220;0&#8243;][\/et_pb_image][\/et_pb_column_inner][\/et_pb_row_inner][\/et_pb_column][\/et_pb_section]\n","protected":false},"excerpt":{"rendered":"<p>unsere private wohlf\u00fchloase Alpe LaguzWohlf\u00fchloase zum Kraft tanken Im sogenannten &#8222;Talkessel&#8220; liegt die Alpe Laguz (1584 Meter Seeh\u00f6he). Der Talkessel ist als der sch\u00f6nste Talabschluss der Gegend bekannt. 1996 haben wir die H\u00fctte renoviert, und 2020 bekam die Alph\u00fctte ein neues Schindeldach.\u00a0\u00a0 Die H\u00fctte ist f\u00fcr uns der perfekte R\u00fcckzugsort um Kraft zu tanken und [&hellip;]<\/p>\n","protected":false},"author":1,"featured_media":0,"parent":0,"menu_order":0,"comment_status":"closed","ping_status":"closed","template":"","meta":{"_et_pb_use_builder":"on","_et_pb_old_content":"","_et_gb_content_width":"1080","footnotes":""},"class_list":["post-491","page","type-page","status-publish","hentry"],"_links":{"self":[{"href":"https:\/\/biberle-hof.at\/index.php?rest_route=\/wp\/v2\/pages\/491","targetHints":{"allow":["GET"]}}],"collection":[{"href":"https:\/\/biberle-hof.at\/index.php?rest_route=\/wp\/v2\/pages"}],"about":[{"href":"https:\/\/biberle-hof.at\/index.php?rest_route=\/wp\/v2\/types\/page"}],"author":[{"embeddable":true,"href":"https:\/\/biberle-hof.at\/index.php?rest_route=\/wp\/v2\/users\/1"}],"replies":[{"embeddable":true,"href":"https:\/\/biberle-hof.at\/index.php?rest_route=%2Fwp%2Fv2%2Fcomments&post=491"}],"version-history":[{"count":14,"href":"https:\/\/biberle-hof.at\/index.php?rest_route=\/wp\/v2\/pages\/491\/revisions"}],"predecessor-version":[{"id":939,"href":"https:\/\/biberle-hof.at\/index.php?rest_route=\/wp\/v2\/pages\/491\/revisions\/939"}],"wp:attachment":[{"href":"https:\/\/biberle-hof.at\/index.php?rest_route=%2Fwp%2Fv2%2Fmedia&parent=491"}],"curies":[{"name":"wp","href":"https:\/\/api.w.org\/{rel}","templated":true}]}}